04802 and 164362?
482
What is the highest common divisor of 107576304 and 16?
16
What is the greatest common factor of 563082 and 51558?
78
What is the greatest common factor of 776 and 410989?
97
Calculate the highest common divisor of 2959 and 75292562.
269
What is the highest common divisor of 504643 and 4025?
23
Calculate the greatest common factor of 24798177 and 103.
103
Calculate the highest common factor of 685750 and 3375.
125
Calculate the greatest common factor of 64550992 and 5648.
5648
What is the greatest common divisor of 372 and 10440636?
12
What is the greatest common factor of 248253 and 107319?
249
What is the greatest common divisor of 600 and 869397600?
600
What is the highest common divisor of 4892517 and 525?
21
Calculate the highest common factor of 2727 and 727907.
101
What is the greatest common divisor of 15510 and 1498407?
141
Calculate the highest common factor of 50 and 150034.
2
Calculate the highest common factor of 903333 and 32163.
213
What is the highest common divisor of 1133 and 158136?
11
Calculate the highest common factor of 2660957 and 354967.
2591
What is the highest common factor of 4073030 and 1360?
170
What is the highest common divisor of 3 and 20866764?
3
Calculate the highest common divisor of 985 and 1057693.
197
Calculate the greatest common divisor of 16673532 and 42.
6
Calculate the greatest common divisor of 1211317932 and 1815.
363
Calculate the highest common factor of 965316 and 13348.
284
Calculate the greatest common factor of 194442 and 5106.
138
Calculate the highest common divisor of 1504 and 202638244.
188
Calculate the greatest common divisor of 6958 and 51193982.
994
Calculate the highest common divisor of 15197 and 356993.
91
What is the greatest common factor of 610 and 119791800?
610
What is the highest common divisor of 106195 and 34844640?
1585
Calculate the highest common factor of 280444986 and 22455.
4491
Calculate the greatest common factor of 144 and 17971616.
16
What is the greatest common factor of 6865110 and 15232?
238
Calculate the highest common divisor of 37170878 and 1140.
38
What is the highest common factor of 6679508 and 17523?
649
Calculate the highest common factor of 9010 and 2479340.
530
Calculate the highest common factor of 86108 and 1067.
11
What is the highest common factor of 112981625 and 250?
125
What is the highest common factor of 37863682 and 44262?
4918
What is the highest common factor of 676 and 46700446?
338
Calculate the highest common factor of 1072 and 2259977.
67
Calculate the greatest common factor of 37548450 and 295040.
4610
What is the highest common divisor of 7384 and 403936?
104
What is the highest common factor of 860825 and 707?
7
Calculate the highest common divisor of 301853975 and 2914.
1457
What is the greatest common divisor of 40144452 and 44?
4
What is the highest common factor of 2974 and 172547019?
1487
Calculate the highest common divisor of 17450622 and 126.
126
What is the greatest common divisor of 4524 and 94308812?
1508
What is the highest common factor of 40 and 123879790?
10
What is the greatest common factor of 38866752 and 90?
18
Calculate the highest common factor of 361982015 and 3572.
893
What is the highest common divisor of 836 and 3599588?
76
Calculate the highest common factor of 80724 and 131964.
84
What is the highest common factor of 40952925 and 2025?
675
What is the highest common divisor of 103040407 and 631?
631
Calculate the greatest common factor of 17859888 and 949.
73
Calculate the greatest common factor of 12 and 1179702.
6
Calculate the greatest common factor of 328 and 4206805.
41
What is the highest common factor of 111672 and 3498?
66
Calculate the highest common factor of 53 and 1653386781.
53
Calculate the greatest common factor of 110 and 3426566770.
110
Calculate the greatest common divisor of 11 and 165773982.
11
What is the greatest common divisor of 15164 and 32878?
34
Calculate the greatest common factor of 33 and 19577.
1
What is the highest common factor of 1122827 and 3599?
61
Calculate the greatest common factor of 69609012 and 264.
132
Calculate the highest common factor of 60933760 and 2470.
190
What is the highest common factor of 685 and 2202823?
137
What is the highest common divisor of 2967318882 and 1881?
1881
Calculate the highest common divisor of 2264 and 18499144.
2264
Calculate the highest common factor of 246547425 and 50.
25
What is the greatest common divisor of 8699544 and 74907?
2583
Calculate the highest common divisor of 12989698 and 18.
2
What is the greatest common divisor of 836883840 and 896?
128
Calculate the greatest common divisor of 38224 and 187696.
16
What is the greatest common factor of 65444 and 124?
4
Calculate the greatest common divisor of 27240 and 36903390.
6810
Calculate the greatest common divisor of 83962034 and 26.
26
Calculate the greatest common factor of 1020700 and 25604.
692
Calculate the greatest common factor of 83580 and 9003158.
398
What is the greatest common divisor of 17949 and 127573?
193
What is the greatest common factor of 38 and 29680622?
38
What is the highest common factor of 1903 and 11059103?
11
What is the highest common divisor of 365100 and 85300?
100
What is the highest common divisor of 6928 and 634?
2
Calculate the highest common factor of 27133612 and 3344.
44
Calculate the highest common divisor of 65355757 and 1.
1
Calculate the highest common divisor of 9934029 and 378.
189
What is the highest common divisor of 69024 and 108096?
96
What is the greatest common factor of 42 and 532298242?
14
What is the highest common divisor of 15252 and 174578?
82
What is the greatest common divisor of 696522 and 58638?
174
Calculate the highest common factor of 5487 and 81189.
93
Calculate the greatest common factor of 272610 and 180219.
39
What is the greatest common divisor of 828 and 1304284?
92
What is the greatest common divisor of 6767 and 18889779?
67
Calculate the greatest common factor of 28 and 31101490.
14
Calculate the greatest common divisor of 189393952 and 264.
88
Calculate the highest common factor of 8960 and 6238155.
35
Calculate the greatest common divisor of 319 and 71717.
29
What is the highest common factor of 33 and 2703767?
11
Calculate the highest common divisor of 945847843 and 11053.
1579
What is the greatest common factor of 12788608 and 14?
14
What is the highest common divisor of 51491 and 427028?
151
What is the highest common factor of 2267804 and 106634?
814
Calculate the highest common divisor of 12224 and 277332.
764
Calculate the highest common divisor of 348 and 2739828.
12
Calculate the greatest common divisor of 176 and 10890770.
22
What is the greatest common factor of 618 and 1699596?
6
Calculate the greatest common factor of 3024 and 126360.
216
Calculate the greatest common factor of 65173923 and 27.
27
What is the highest common divisor of 30955509 and 117?
117
Calculate the greatest common factor of 13206 and 282782.
62
What is the greatest common factor of 29995 and 191387?
7
Calculate the highest common divisor of 157 and 148059321.
157
What is the highest common divisor of 26170110 and 3636?
1818
Calculate the highest common factor of 2656 and 1461298.
166
Calculate the greatest common divisor of 1151544 and 627.
3
Calculate the highest common divisor of 350287089 and 909.
303
Calculate the highest common divisor of 1162 and 2405123.
7
What is the greatest common divisor of 504728 and 18?
2
Calculate the greatest common factor of 8031898 and 170674.
1022
Calculate the highest common divisor of 64 and 39791456.
32
What is the highest common divisor of 10 and 5801815?
5
What is the highest common factor of 845886 and 2754?
102
What is the greatest common factor of 17 and 2347155269?
17
What is the highest common divisor of 260 and 65978380?
260
What is the greatest common factor of 1417 and 2618071?
109
What is the highest common divisor of 1956880 and 8235?
305
Calculate the highest common divisor of 708743 and 6592.
103
Calculate the greatest common divisor of 143841063 and 428.
107
What is the greatest common factor of 5331393 and 7582653?
10233
Calculate the greatest common divisor of 31263130 and 10.
10
Calculate the greatest common divisor of 1334385 and 91.
13
What